 232 - -6?
238
In base 3, what is 22 + -101001?
-100202
In base 4, what is -1 - 2321?
-2322
In base 6, what is 1020 - -4?
1024
In base 15, what is 83 - -7?
8a
In base 8, what is -14 + 14?
0
In base 2, what is -11110001 + 11000?
-11011001
In base 10, what is 0 - 4?
-4
In base 2, what is -11 - -10101110101?
10101110010
In base 4, what is -1231 - -32?
-1133
In base 9, what is -125 - 1?
-126
In base 15, what is 3 + 6b?
6e
In base 8, what is -2 + -2272?
-2274
In base 3, what is 10 + 110010?
110020
In base 14, what is -7d4 + 3?
-7d1
In base 8, what is -102 - -27?
-53
In base 4, what is -11 + 12203?
12132
In base 10, what is -5 + 3214?
3209
In base 6, what is -31002 - 2?
-31004
In base 10, what is 519 - -1?
520
In base 4, what is -32 + 102?
10
In base 15, what is -2d6 - 4?
-2da
In base 7, what is 4 + -153?
-146
In base 12, what is 16 + 19?
33
In base 8, what is -2 + -172?
-174
In base 11, what is -98 + 10?
-88
In base 5, what is 1 - 200?
-144
In base 16, what is 3 - 14b?
-148
In base 12, what is -66 + -23?
-89
In base 10, what is -5 + 1477?
1472
In base 16, what is 109 - -30?
139
In base 12, what is -5 - 50?
-55
In base 12, what is 3 - -1b4?
1b7
In base 2, what is 10110100100 - -11?
10110100111
In base 7, what is -512 + 4?
-505
In base 11, what is 73 + -1?
72
In base 11, what is 146 + -2?
144
In base 12, what is -2 - -14a?
148
In base 5, what is -34 + 23?
-11
In base 12, what is 6 + 29?
33
In base 10, what is 4 - -427?
431
In base 8, what is -1052 - 5?
-1057
In base 7, what is -5 + 25621?
25613
In base 14, what is -4 - -c5?
c1
In base 11, what is -3289 - -5?
-3284
In base 14, what is 2 - 1407?
-1405
In base 14, what is -45 - 10?
-55
In base 4, what is 2112 + -1?
2111
In base 2, what is -10111001 + 11?
-10110110
In base 5, what is 321 + -103?
213
In base 14, what is 2 - b9?
-b7
In base 7, what is -14 + 5?
-6
In base 6, what is -14 - -12?
-2
In base 13, what is 284 + -5?
27c
In base 5, what is 242 + -3?
234
In base 7, what is -10 - -1211?
1201
In base 7, what is 1 - -26?
30
In base 4, what is 11001 + 11?
11012
In base 7, what is 1005 - 13?
662
In base 14, what is -36 + a?
-2a
In base 10, what is 217 + 35?
252
In base 4, what is 12 - 10211?
-10133
In base 5, what is 1010 - 1?
1004
In base 14, what is 8 - -4d6?
500
In base 14, what is 153 - 12?
141
In base 11, what is 11 + 347?
358
In base 3, what is -1020 + -1102?
-2122
In base 5, what is 2032 - 4?
2023
In base 9, what is -600 - -2?
-587
In base 8, what is 45 - 0?
45
In base 16, what is 5 - -c06?
c0b
In base 11, what is -60 - 2?
-62
In base 13, what is 2 + -214?
-212
In base 14, what is -1 + 7d1?
7d0
In base 16, what is -10d + 6?
-107
In base 9, what is 45 - 2?
43
In base 7, what is -2 + 426?
424
In base 4, what is 3100 - -120?
3220
In base 4, what is 11 + 303?
320
In base 12, what is 16 - -19?
33
In base 2, what is -100000011110101 - 11?
-100000011111000
In base 11, what is -18985 - -2?
-18983
In base 8, what is -1304 + 0?
-1304
In base 5, what is 22430 - 2?
22423
In base 2, what is 1000 - -1110100010?
1110101010
In base 4, what is 11 + 11?
22
In base 2, what is 110111100 - -110010?
111101110
In base 9, what is 4 + -407?
-403
In base 5, what is 410 - -4?
414
In base 14, what is -80 + 0?
-80
In base 2, what is -1010 + 111110110?
111101100
In base 8, what is 12 - -12?
24
In base 15, what is -4 - 72d?
-732
In base 3, what is -10101 + -21?
-10122
In base 2, what is -11 + -11100010?
-11100101
In base 6, what is 24140 - -12?
24152
In base 16, what is 1414 - -2?
1416
In base 7, what is -1 - -1665?
1664
In base 6, what is 14 + 14?
32
In base 6, what is -521524 - -2?
-521522
In base 15, what is 7 - -4a?
52
In base 16, what is 4 + -144?
-140
In base 15, what is 252 - 1?
251
In base 4, what is -11 - -2231?
2220
In base 14, what is 0 + 19?
19
In base 11, what is 1 - -a?
10
In base 13, what is -1a - 4?
-21
In base 2, what is 111001 - -11?
111100
In base 6, what is 104 + 4?
112
In base 16, what is 2 + e2?
e4
In base 16, what is 24 - c?
18
In base 16, what is -73 + -3?
-76
In base 2, what is 100 - -110111101101?
110111110001
In base 14, what is -3 + -80a?
-80d
In base 15, what is -1 + -1?
-2
In base 15, what is 138 + -17?
121
In base 2, what is -1000101111 + 10?
-1000101101
In base 5, what is 0 - 0?
0
In base 3, what is -1 + 12?
11
In base 11, what is -1 + 1699?
1698
In base 10, what is 15 - -82?
97
In base 5, what is 104 - -14?
123
In base 14, what is 4 - 82?
-7c
In base 8, what is 15111 + 0?
15111
In base 7, what is -435 + -4?
-442
In base 4, what is 20 + 0?
20
In base 4, what is -23 + 13?
-10
In base 8, what is 3141 + -3?
3136
In base 3, what is -22 + 20000?
12201
In base 6, what is 335 - -2?
341
In base 8, what is -2 + 1007?
1005
In base 12, what is 0 + -32?
-32
In base 14, what is -130d + 4?
-1309
In base 13, what is 2 - -263?
265
In base 3, what is -202111120 + -10?
-202111200
In base 6, what is -122 + -5?
-131
In base 7, what is 110 - -3?
113
In base 14, what is -40 + -2?
-42
In base 2, what is 1100101 + -11011?
1001010
In base 15, what is -4 + -1625?
-1629
In base 8, what is 3104 - 6?
3076
In base 7, what is -1 - 2603?
-2604
In base 2, what is -11000001 - 1011?
-11001100
In base 11, what is 5 + 358?
362
In base 5, what is -33 + -14?
-102
In base 9, what is -123 - -1?
-122
In base 13, what is 99 + 6c?
138
In base 9, what is -255 - -2?
-253
In base 9, what is -4 - -86?
82
In base 3, what is 0 + -110022?
-110022
In base 7, what is 43654 + -2?
43652
In base 8, what is 431 - 5?
424
In base 3, what is -2 + 10202?
10200
In base 9, what is -38 + 7?
-31
In base 14, what is 3 - 339?
-336
In base 14, what is -3b - a6?
-103
In base 5, what is 23 + -3034?
-3011
In base 9, what is -24 + -45?
-70
In base 3, what is -11 - -1001120?
1001102
In base 11, what is -28 - 4?
-31
In base 2, what is -100001 + -100?
-100101
In base 9, what is 86 - 63?
23
In base 4, what is 10 + -31231?
-31221
In base 3, what is 11122221 - -10?
11200001
In base 9, what is -10 - -353?
343
In base 7, what is -2416 + -1?
-2420
In base 11, what is 29 - -52?
80
In base 2, what is 1011 - -111?
10010
In base 4, what is 3 - 20003?
-20000
In base 7, what is -2 - -565?
563
In base 9, what is 0 - -723?
723
In base 6, what is -4323 + 2?
-4321
In base 16, what is -8 - -2e7?
2df
In base 8, what is -17 + -2?
-21
In base 12, what is 9a - -2?
a0
In base 9, what is 5 + -261?
-255
In base 11, what is -3a - 2?
-41
In base 12, what is 0 - -5?
5
In base 9, what is 168 - -4?
173
In base 6, what is -4 - -245?
241
In base 9, what is -4 + 36?
32
In base 12, what is -26 + -4?
-2a
In base 5, what is -14401 + 12?
-14334
In base 10, what is 401 - -8?
409
In base 8, what is -2 - 141?
-143
In base 14, what is 27d1 - 0?
27d1
In base 7, what is 51 - 11?
40
In base 15, what is -2c + -62?
-8e
In base 9, what is 308 + -3?
305
In base 2, what is 100011100 + 101?
100100001
In base 2, what is 0 + -1000101011100?
-1000101011100
In base 8, what is 1427 - 0?
1427
In base 12, what is 1 - -b1?
b2
In base 15, what is -59 - 2?
-5b
In base 2, what is -100111110 + -10?
-101000000
In base 14, what is -b09 - 1?
-b0a
In base 5, what is -21 - -143?
122
In base 12, what is 5 - 42?
-39
In base 7, what is -42 + 66?
24
In base 12, what is -4 + 1?
-3
In base 8, what is 251 + -4?
245
In base 6, what is -4 + 134?
130
In base 15, what is 1c + 5?
22
In base 10, what is 4 + -91?
-87
In base 8, what is -10724 + -5?
-10731
In base 10, what is 660 - 7?
653
In base 5, what is -112 - -31?
-31
In base 7, what is -2601 - -3?
-2565
In base 9, what is -5358 + -1?
-5360
In base 4, what is -21102 + -221?
-21323
In base 16, what is -45 - b?
-50
In base 14, what is 36 - 260?
-228
In base 4, what is 103 + 1023?
1132
In base 3, what is -120 + 10?
-110
In base 15, what is c0b + -3?
c08
In base 3, what is -10 + -21111212?
-21111222
In base 11, what is -10 - 32?
-42
In base 15, what is -3 - -45?
42
In base 9, what is 4 + -4?
0
In base 13, what is -73 - -21?
-52
In base 7, what is 53040 + -2?
53035
In base 16, what is 14 - 2b?
-17
In base 15, what is -27 - 3?
-2a
In base 7, what is 66 + -43?
23
In base 2, what is 1011001 - 0?
1011001
In base 2, what is -101 - -1000011000?
1000010011
In base 6, what is -4 + 304?
300
In base 15, what is 5 - -2030?
2035
In base 5, what is -220 + -223?
-443
In base 5, what is 23 + -340?
-312
In bas